{"id":2132,"date":"2024-01-24T14:55:57","date_gmt":"2024-01-24T13:55:57","guid":{"rendered":"http:\/\/localhost:8888\/carnicas-zurita-blog\/?page_id=2132"},"modified":"2024-01-24T17:35:05","modified_gmt":"2024-01-24T16:35:05","slug":"noticias","status":"publish","type":"page","link":"https:\/\/carnicaszurita.es\/blog\/noticias\/","title":{"rendered":"Noticias"},"content":{"rendered":"\n<div class=\"gb-grid-wrapper gb-grid-wrapper-97f63474 gb-query-loop-wrapper\">\n<div class=\"gb-grid-column gb-grid-column-845b6e7d gb-query-loop-item post-2571 post type-post status-publish format-standard has-post-thumbnail hentry category-trucos-consejos\"><div class=\"gb-container gb-container-845b6e7d\">\n<figure class=\"gb-block-image gb-block-image-cd44bbef\"><img loading=\"lazy\" decoding=\"async\" width=\"2560\" height=\"1841\" src=\"https:\/\/carnicaszurita.es\/blog\/wp-content\/uploads\/2025\/09\/Queso-curado-Zurita.jpg\" class=\"gb-image-cd44bbef\" alt=\"Queso-curado-Zurita\" srcset=\"https:\/\/carnicaszurita.es\/blog\/wp-content\/uploads\/2025\/09\/Queso-curado-Zurita.jpg 2560w, https:\/\/carnicaszurita.es\/blog\/wp-content\/uploads\/2025\/09\/Queso-curado-Zurita-300x216.jpg 300w, https:\/\/carnicaszurita.es\/blog\/wp-content\/uploads\/2025\/09\/Queso-curado-Zurita-1024x736.jpg 1024w, https:\/\/carnicaszurita.es\/blog\/wp-content\/uploads\/2025\/09\/Queso-curado-Zurita-768x552.jpg 768w, https:\/\/carnicaszurita.es\/blog\/wp-content\/uploads\/2025\/09\/Queso-curado-Zurita-1536x1105.jpg 1536w, https:\/\/carnicaszurita.es\/blog\/wp-content\/uploads\/2025\/09\/Queso-curado-Zurita-2048x1473.jpg 2048w\" sizes=\"auto, (max-width: 2560px) 100vw, 2560px\" \/><\/figure>\n\n<h2 class=\"gb-headline gb-headline-1e76eaa2 gb-headline-text\"><a href=\"https:\/\/carnicaszurita.es\/blog\/queso-curado-sabor-tipo-leche\/\">\u00bfSab\u00edas que el queso curado cambia de sabor seg\u00fan el tipo de leche?<\/a><\/h2>\n\n<p class=\"gb-headline gb-headline-4128ad53 gb-headline-text\"><time class=\"entry-date published\" datetime=\"2025-09-27T21:55:53+02:00\">27 de septiembre de 2025<\/time><\/p>\n\n<div class=\"gb-headline gb-headline-ccd02bcc gb-headline-text\">El queso es uno de esos productos que nunca falta en una buena mesa. Puede formar parte de una tabla &#8230; <a title=\"\u00bfSab\u00edas que el queso curado cambia de sabor seg\u00fan el tipo de leche?\" class=\"read-more\" href=\"https:\/\/carnicaszurita.es\/blog\/queso-curado-sabor-tipo-leche\/\" aria-label=\"Read more about \u00bfSab\u00edas que el queso curado cambia de sabor seg\u00fan el tipo de leche?\">Leer m\u00e1s<\/a><\/div>\n<\/div><\/div>\n\n<div class=\"gb-grid-column gb-grid-column-845b6e7d gb-query-loop-item post-2567 post type-post status-publish format-standard hentry category-recetas\"><div class=\"gb-container gb-container-845b6e7d\">\n\n\n<h2 class=\"gb-headline gb-headline-1e76eaa2 gb-headline-text\"><a href=\"https:\/\/carnicaszurita.es\/blog\/pringa-gastronomia-andalucia-sabor\/\">El secreto de una buena pring\u00e1: sabor andaluz con alma de hogar<\/a><\/h2>\n\n<p class=\"gb-headline gb-headline-4128ad53 gb-headline-text\"><time class=\"entry-date published\" datetime=\"2025-09-19T21:46:36+02:00\">19 de septiembre de 2025<\/time><\/p>\n\n<div class=\"gb-headline gb-headline-ccd02bcc gb-headline-text\">Pocas cosas evocan tanto el calor del hogar andaluz como una buena pring\u00e1. Esa mezcla jugosa de carnes, embutidos y &#8230; <a title=\"El secreto de una buena pring\u00e1: sabor andaluz con alma de hogar\" class=\"read-more\" href=\"https:\/\/carnicaszurita.es\/blog\/pringa-gastronomia-andalucia-sabor\/\" aria-label=\"Read more about El secreto de una buena pring\u00e1: sabor andaluz con alma de hogar\">Leer m\u00e1s<\/a><\/div>\n<\/div><\/div>\n\n<div class=\"gb-grid-column gb-grid-column-845b6e7d gb-query-loop-item post-2563 post type-post status-publish format-standard has-post-thumbnail hentry category-trucos-consejos category-gastronomia-gourmet\"><div class=\"gb-container gb-container-845b6e7d\">\n<figure class=\"gb-block-image gb-block-image-cd44bbef\"><img loading=\"lazy\" decoding=\"async\" width=\"1500\" height=\"1001\" src=\"https:\/\/carnicaszurita.es\/blog\/wp-content\/uploads\/2025\/09\/Tipos-de-carne-de-ternera.jpg\" class=\"gb-image-cd44bbef\" alt=\"Tipos-de-carne-de-ternera\" srcset=\"https:\/\/carnicaszurita.es\/blog\/wp-content\/uploads\/2025\/09\/Tipos-de-carne-de-ternera.jpg 1500w, https:\/\/carnicaszurita.es\/blog\/wp-content\/uploads\/2025\/09\/Tipos-de-carne-de-ternera-300x200.jpg 300w, https:\/\/carnicaszurita.es\/blog\/wp-content\/uploads\/2025\/09\/Tipos-de-carne-de-ternera-1024x683.jpg 1024w, https:\/\/carnicaszurita.es\/blog\/wp-content\/uploads\/2025\/09\/Tipos-de-carne-de-ternera-768x513.jpg 768w\" sizes=\"auto, (max-width: 1500px) 100vw, 1500px\" \/><\/figure>\n\n<h2 class=\"gb-headline gb-headline-1e76eaa2 gb-headline-text\"><a href=\"https:\/\/carnicaszurita.es\/blog\/tipos-de-ternera-segun-la-edad\/\">Distintos tipos de ternera seg\u00fan la edad del animal<\/a><\/h2>\n\n<p class=\"gb-headline gb-headline-4128ad53 gb-headline-text\"><time class=\"entry-date published\" datetime=\"2025-09-10T21:45:14+02:00\">10 de septiembre de 2025<\/time><\/p>\n\n<div class=\"gb-headline gb-headline-ccd02bcc gb-headline-text\">La carne de ternera es uno de los pilares de la cocina tradicional espa\u00f1ola. Jugosa, vers\u00e1til y con un sabor &#8230; <a title=\"Distintos tipos de ternera seg\u00fan la edad del animal\" class=\"read-more\" href=\"https:\/\/carnicaszurita.es\/blog\/tipos-de-ternera-segun-la-edad\/\" aria-label=\"Read more about Distintos tipos de ternera seg\u00fan la edad del animal\">Leer m\u00e1s<\/a><\/div>\n<\/div><\/div>\n\n<div class=\"gb-grid-column gb-grid-column-845b6e7d gb-query-loop-item post-2555 post type-post status-publish format-standard has-post-thumbnail hentry category-recetas\"><div class=\"gb-container gb-container-845b6e7d\">\n<figure class=\"gb-block-image gb-block-image-cd44bbef\"><img loading=\"lazy\" decoding=\"async\" width=\"992\" height=\"558\" src=\"https:\/\/carnicaszurita.es\/blog\/wp-content\/uploads\/2025\/09\/Caldereta-de-cordeo.jpg\" class=\"gb-image-cd44bbef\" alt=\"Caldereta de cordero\" srcset=\"https:\/\/carnicaszurita.es\/blog\/wp-content\/uploads\/2025\/09\/Caldereta-de-cordeo.jpg 992w, https:\/\/carnicaszurita.es\/blog\/wp-content\/uploads\/2025\/09\/Caldereta-de-cordeo-300x169.jpg 300w, https:\/\/carnicaszurita.es\/blog\/wp-content\/uploads\/2025\/09\/Caldereta-de-cordeo-768x432.jpg 768w\" sizes=\"auto, (max-width: 992px) 100vw, 992px\" \/><\/figure>\n\n<h2 class=\"gb-headline gb-headline-1e76eaa2 gb-headline-text\"><a href=\"https:\/\/carnicaszurita.es\/blog\/caldereta-tradicional-con-productos-zurita\/\">C\u00f3mo hacer una caldereta tradicional con productos Zurita<\/a><\/h2>\n\n<p class=\"gb-headline gb-headline-4128ad53 gb-headline-text\"><time class=\"entry-date published\" datetime=\"2025-09-02T21:29:31+02:00\">2 de septiembre de 2025<\/time><\/p>\n\n<div class=\"gb-headline gb-headline-ccd02bcc gb-headline-text\">En cada casa andaluza hay recetas que se transmiten sin papeles, a fuego lento y con memoria. La caldereta de &#8230; <a title=\"C\u00f3mo hacer una caldereta tradicional con productos Zurita\" class=\"read-more\" href=\"https:\/\/carnicaszurita.es\/blog\/caldereta-tradicional-con-productos-zurita\/\" aria-label=\"Read more about C\u00f3mo hacer una caldereta tradicional con productos Zurita\">Leer m\u00e1s<\/a><\/div>\n<\/div><\/div>\n\n<div class=\"gb-grid-column gb-grid-column-845b6e7d gb-query-loop-item post-2550 post type-post status-publish format-standard has-post-thumbnail hentry category-jamon\"><div class=\"gb-container gb-container-845b6e7d\">\n<figure class=\"gb-block-image gb-block-image-cd44bbef\"><img loading=\"lazy\" decoding=\"async\" width=\"2560\" height=\"2560\" src=\"https:\/\/carnicaszurita.es\/blog\/wp-content\/uploads\/2025\/09\/29.jpg\" class=\"gb-image-cd44bbef\" alt=\"\" srcset=\"https:\/\/carnicaszurita.es\/blog\/wp-content\/uploads\/2025\/09\/29.jpg 2560w, https:\/\/carnicaszurita.es\/blog\/wp-content\/uploads\/2025\/09\/29-300x300.jpg 300w, https:\/\/carnicaszurita.es\/blog\/wp-content\/uploads\/2025\/09\/29-1024x1024.jpg 1024w, https:\/\/carnicaszurita.es\/blog\/wp-content\/uploads\/2025\/09\/29-150x150.jpg 150w, https:\/\/carnicaszurita.es\/blog\/wp-content\/uploads\/2025\/09\/29-768x768.jpg 768w, https:\/\/carnicaszurita.es\/blog\/wp-content\/uploads\/2025\/09\/29-1536x1536.jpg 1536w, https:\/\/carnicaszurita.es\/blog\/wp-content\/uploads\/2025\/09\/29-2048x2048.jpg 2048w\" sizes=\"auto, (max-width: 2560px) 100vw, 2560px\" \/><\/figure>\n\n<h2 class=\"gb-headline gb-headline-1e76eaa2 gb-headline-text\"><a href=\"https:\/\/carnicaszurita.es\/blog\/como-cortar-un-jamon-en-casa-como-un-profesional\/\">C\u00f3mo cortar un jam\u00f3n en casa como un profesional<\/a><\/h2>\n\n<p class=\"gb-headline gb-headline-4128ad53 gb-headline-text\"><time class=\"entry-date published\" datetime=\"2025-08-23T21:22:19+02:00\">23 de agosto de 2025<\/time><\/p>\n\n<div class=\"gb-headline gb-headline-ccd02bcc gb-headline-text\">Nada como un buen jam\u00f3n para llenar la mesa de sabor, tradici\u00f3n y momentos compartidos. Pero si hay algo que &#8230; <a title=\"C\u00f3mo cortar un jam\u00f3n en casa como un profesional\" class=\"read-more\" href=\"https:\/\/carnicaszurita.es\/blog\/como-cortar-un-jamon-en-casa-como-un-profesional\/\" aria-label=\"Read more about C\u00f3mo cortar un jam\u00f3n en casa como un profesional\">Leer m\u00e1s<\/a><\/div>\n<\/div><\/div>\n\n<div class=\"gb-grid-column gb-grid-column-845b6e7d gb-query-loop-item post-2544 post type-post status-publish format-standard has-post-thumbnail hentry category-gastronomia-gourmet category-recetas\"><div class=\"gb-container gb-container-845b6e7d\">\n<figure class=\"gb-block-image gb-block-image-cd44bbef\"><img loading=\"lazy\" decoding=\"async\" width=\"1200\" height=\"871\" src=\"https:\/\/carnicaszurita.es\/blog\/wp-content\/uploads\/2025\/08\/barquitas-de-queso-de-cabra-con-miel_2bd3016e_1200x1200.jpg\" class=\"gb-image-cd44bbef\" alt=\"\" srcset=\"https:\/\/carnicaszurita.es\/blog\/wp-content\/uploads\/2025\/08\/barquitas-de-queso-de-cabra-con-miel_2bd3016e_1200x1200.jpg 1200w, https:\/\/carnicaszurita.es\/blog\/wp-content\/uploads\/2025\/08\/barquitas-de-queso-de-cabra-con-miel_2bd3016e_1200x1200-300x218.jpg 300w, https:\/\/carnicaszurita.es\/blog\/wp-content\/uploads\/2025\/08\/barquitas-de-queso-de-cabra-con-miel_2bd3016e_1200x1200-1024x743.jpg 1024w, https:\/\/carnicaszurita.es\/blog\/wp-content\/uploads\/2025\/08\/barquitas-de-queso-de-cabra-con-miel_2bd3016e_1200x1200-768x557.jpg 768w\" sizes=\"auto, (max-width: 1200px) 100vw, 1200px\" \/><\/figure>\n\n<h2 class=\"gb-headline gb-headline-1e76eaa2 gb-headline-text\"><a href=\"https:\/\/carnicaszurita.es\/blog\/aperitivos-faciles-con-productos-zurita\/\">Aperitivos f\u00e1ciles para sorprender con productos Zurita<\/a><\/h2>\n\n<p class=\"gb-headline gb-headline-4128ad53 gb-headline-text\"><time class=\"entry-date published\" datetime=\"2025-08-15T21:16:22+02:00\">15 de agosto de 2025<\/time><\/p>\n\n<div class=\"gb-headline gb-headline-ccd02bcc gb-headline-text\">No hace falta ser chef ni pasar horas en la cocina para preparar un aperitivo que deje huella. A veces, &#8230; <a title=\"Aperitivos f\u00e1ciles para sorprender con productos Zurita\" class=\"read-more\" href=\"https:\/\/carnicaszurita.es\/blog\/aperitivos-faciles-con-productos-zurita\/\" aria-label=\"Read more about Aperitivos f\u00e1ciles para sorprender con productos Zurita\">Leer m\u00e1s<\/a><\/div>\n<\/div><\/div>\n\n<div class=\"gb-grid-column gb-grid-column-845b6e7d gb-query-loop-item post-2539 post type-post status-publish format-standard has-post-thumbnail hentry category-trucos-consejos\"><div class=\"gb-container gb-container-845b6e7d\">\n<figure class=\"gb-block-image gb-block-image-cd44bbef\"><img loading=\"lazy\" decoding=\"async\" width=\"1250\" height=\"953\" src=\"https:\/\/carnicaszurita.es\/blog\/wp-content\/uploads\/2025\/08\/Consejos-para-conservar-la-carne-en-casa.jpg\" class=\"gb-image-cd44bbef\" alt=\"Consejos para conservar la carne en casa\" srcset=\"https:\/\/carnicaszurita.es\/blog\/wp-content\/uploads\/2025\/08\/Consejos-para-conservar-la-carne-en-casa.jpg 1250w, https:\/\/carnicaszurita.es\/blog\/wp-content\/uploads\/2025\/08\/Consejos-para-conservar-la-carne-en-casa-300x229.jpg 300w, https:\/\/carnicaszurita.es\/blog\/wp-content\/uploads\/2025\/08\/Consejos-para-conservar-la-carne-en-casa-1024x781.jpg 1024w, https:\/\/carnicaszurita.es\/blog\/wp-content\/uploads\/2025\/08\/Consejos-para-conservar-la-carne-en-casa-768x586.jpg 768w\" sizes=\"auto, (max-width: 1250px) 100vw, 1250px\" \/><\/figure>\n\n<h2 class=\"gb-headline gb-headline-1e76eaa2 gb-headline-text\"><a href=\"https:\/\/carnicaszurita.es\/blog\/consejos-conservar-carnes-en-casa\/\">Consejos para conservar bien tus carnes en casa<\/a><\/h2>\n\n<p class=\"gb-headline gb-headline-4128ad53 gb-headline-text\"><time class=\"entry-date published\" datetime=\"2025-08-06T21:15:56+02:00\">6 de agosto de 2025<\/time><\/p>\n\n<div class=\"gb-headline gb-headline-ccd02bcc gb-headline-text\">La calidad de una buena carne empieza en el origen, pero tambi\u00e9n depende de c\u00f3mo la conservamos una vez llega &#8230; <a title=\"Consejos para conservar bien tus carnes en casa\" class=\"read-more\" href=\"https:\/\/carnicaszurita.es\/blog\/consejos-conservar-carnes-en-casa\/\" aria-label=\"Read more about Consejos para conservar bien tus carnes en casa\">Leer m\u00e1s<\/a><\/div>\n<\/div><\/div>\n\n<div class=\"gb-grid-column gb-grid-column-845b6e7d gb-query-loop-item post-2531 post type-post status-publish format-standard has-post-thumbnail hentry category-gastronomia-gourmet\"><div class=\"gb-container gb-container-845b6e7d\">\n<figure class=\"gb-block-image gb-block-image-cd44bbef\"><img loading=\"lazy\" decoding=\"async\" width=\"1207\" height=\"966\" src=\"https:\/\/carnicaszurita.es\/blog\/wp-content\/uploads\/2025\/07\/Ternera-pajuna-Granada.jpg\" class=\"gb-image-cd44bbef\" alt=\"Ternera-pajuna-Granada\" srcset=\"https:\/\/carnicaszurita.es\/blog\/wp-content\/uploads\/2025\/07\/Ternera-pajuna-Granada.jpg 1207w, https:\/\/carnicaszurita.es\/blog\/wp-content\/uploads\/2025\/07\/Ternera-pajuna-Granada-300x240.jpg 300w, https:\/\/carnicaszurita.es\/blog\/wp-content\/uploads\/2025\/07\/Ternera-pajuna-Granada-1024x820.jpg 1024w, https:\/\/carnicaszurita.es\/blog\/wp-content\/uploads\/2025\/07\/Ternera-pajuna-Granada-768x615.jpg 768w\" sizes=\"auto, (max-width: 1207px) 100vw, 1207px\" \/><\/figure>\n\n<h2 class=\"gb-headline gb-headline-1e76eaa2 gb-headline-text\"><a href=\"https:\/\/carnicaszurita.es\/blog\/ternera-pajuna-carne-granada\/\">Ternera pajuna de Granada: Una joya gastron\u00f3mica que debes descubrir<\/a><\/h2>\n\n<p class=\"gb-headline gb-headline-4128ad53 gb-headline-text\"><time class=\"entry-date published\" datetime=\"2025-07-28T18:05:19+02:00\">28 de julio de 2025<\/time><\/p>\n\n<div class=\"gb-headline gb-headline-ccd02bcc gb-headline-text\">Si eres de los que buscan algo m\u00e1s que una carne premium, prep\u00e1rate para descubrir un aut\u00e9ntico tesoro gastron\u00f3mico: la &#8230; <a title=\"Ternera pajuna de Granada: Una joya gastron\u00f3mica que debes descubrir\" class=\"read-more\" href=\"https:\/\/carnicaszurita.es\/blog\/ternera-pajuna-carne-granada\/\" aria-label=\"Read more about Ternera pajuna de Granada: Una joya gastron\u00f3mica que debes descubrir\">Leer m\u00e1s<\/a><\/div>\n<\/div><\/div>\n\n<div class=\"gb-grid-column gb-grid-column-845b6e7d gb-query-loop-item post-2524 post type-post status-publish format-standard has-post-thumbnail hentry category-gastronomia-gourmet\"><div class=\"gb-container gb-container-845b6e7d\">\n<figure class=\"gb-block-image gb-block-image-cd44bbef\"><img loading=\"lazy\" decoding=\"async\" width=\"1311\" height=\"1966\" src=\"https:\/\/carnicaszurita.es\/blog\/wp-content\/uploads\/2025\/07\/barbacoa-claves.jpg\" class=\"gb-image-cd44bbef\" alt=\"barbacoa-claves\" srcset=\"https:\/\/carnicaszurita.es\/blog\/wp-content\/uploads\/2025\/07\/barbacoa-claves.jpg 1311w, https:\/\/carnicaszurita.es\/blog\/wp-content\/uploads\/2025\/07\/barbacoa-claves-200x300.jpg 200w, https:\/\/carnicaszurita.es\/blog\/wp-content\/uploads\/2025\/07\/barbacoa-claves-683x1024.jpg 683w, https:\/\/carnicaszurita.es\/blog\/wp-content\/uploads\/2025\/07\/barbacoa-claves-768x1152.jpg 768w, https:\/\/carnicaszurita.es\/blog\/wp-content\/uploads\/2025\/07\/barbacoa-claves-1024x1536.jpg 1024w\" sizes=\"auto, (max-width: 1311px) 100vw, 1311px\" \/><\/figure>\n\n<h2 class=\"gb-headline gb-headline-1e76eaa2 gb-headline-text\"><a href=\"https:\/\/carnicaszurita.es\/blog\/barbacoa-claves-lote-zurita\/\">La clave de una buena barbacoa est\u00e1 en el producto<\/a><\/h2>\n\n<p class=\"gb-headline gb-headline-4128ad53 gb-headline-text\"><time class=\"entry-date published\" datetime=\"2025-07-21T13:44:06+02:00\">21 de julio de 2025<\/time><\/p>\n\n<div class=\"gb-headline gb-headline-ccd02bcc gb-headline-text\">Cuando pensamos en una barbacoa, lo primero que imaginamos es el olor a carne as\u00e1ndose, el sonido chispeante sobre la &#8230; <a title=\"La clave de una buena barbacoa est\u00e1 en el producto\" class=\"read-more\" href=\"https:\/\/carnicaszurita.es\/blog\/barbacoa-claves-lote-zurita\/\" aria-label=\"Read more about La clave de una buena barbacoa est\u00e1 en el producto\">Leer m\u00e1s<\/a><\/div>\n<\/div><\/div>\n\n<div class=\"gb-grid-column gb-grid-column-845b6e7d gb-query-loop-item post-2458 post type-post status-publish format-standard has-post-thumbnail hentry category-jamon category-gastronomia-gourmet category-trucos-consejos\"><div class=\"gb-container gb-container-845b6e7d\">\n<figure class=\"gb-block-image gb-block-image-cd44bbef\"><img loading=\"lazy\" decoding=\"async\" width=\"1365\" height=\"768\" src=\"https:\/\/carnicaszurita.es\/blog\/wp-content\/uploads\/2024\/07\/tipos-de-jamones.jpg\" class=\"gb-image-cd44bbef\" alt=\"tipos de jamones\" srcset=\"https:\/\/carnicaszurita.es\/blog\/wp-content\/uploads\/2024\/07\/tipos-de-jamones.jpg 1365w, https:\/\/carnicaszurita.es\/blog\/wp-content\/uploads\/2024\/07\/tipos-de-jamones-300x169.jpg 300w, https:\/\/carnicaszurita.es\/blog\/wp-content\/uploads\/2024\/07\/tipos-de-jamones-1024x576.jpg 1024w, https:\/\/carnicaszurita.es\/blog\/wp-content\/uploads\/2024\/07\/tipos-de-jamones-768x432.jpg 768w\" sizes=\"auto, (max-width: 1365px) 100vw, 1365px\" \/><\/figure>\n\n<h2 class=\"gb-headline gb-headline-1e76eaa2 gb-headline-text\"><a href=\"https:\/\/carnicaszurita.es\/blog\/cuales-son-los-tipos-de-jamones\/\">Conoce los diferentes tipos de jamones<\/a><\/h2>\n\n<p class=\"gb-headline gb-headline-4128ad53 gb-headline-text\"><time class=\"entry-date published\" datetime=\"2024-07-22T10:27:40+02:00\">22 de julio de 2024<\/time><\/p>\n\n<div class=\"gb-headline gb-headline-ccd02bcc gb-headline-text\">Explorar los diferentes tipos de jamones es adentrarse en un mundo de sabor, tradici\u00f3n y calidad que var\u00eda considerablemente de &#8230; <a title=\"Conoce los diferentes tipos de jamones\" class=\"read-more\" href=\"https:\/\/carnicaszurita.es\/blog\/cuales-son-los-tipos-de-jamones\/\" aria-label=\"Read more about Conoce los diferentes tipos de jamones\">Leer m\u00e1s<\/a><\/div>\n<\/div><\/div>\n<\/div>\n","protected":false},"excerpt":{"rendered":"","protected":false},"author":1,"featured_media":0,"parent":0,"menu_order":0,"comment_status":"closed","ping_status":"closed","template":"","meta":{"inline_featured_image":false,"footnotes":""},"class_list":["post-2132","page","type-page","status-publish"],"_links":{"self":[{"href":"https:\/\/carnicaszurita.es\/blog\/wp-json\/wp\/v2\/pages\/2132","targetHints":{"allow":["GET"]}}],"collection":[{"href":"https:\/\/carnicaszurita.es\/blog\/wp-json\/wp\/v2\/pages"}],"about":[{"href":"https:\/\/carnicaszurita.es\/blog\/wp-json\/wp\/v2\/types\/page"}],"author":[{"embeddable":true,"href":"https:\/\/carnicaszurita.es\/blog\/wp-json\/wp\/v2\/users\/1"}],"replies":[{"embeddable":true,"href":"https:\/\/carnicaszurita.es\/blog\/wp-json\/wp\/v2\/comments?post=2132"}],"version-history":[{"count":5,"href":"https:\/\/carnicaszurita.es\/blog\/wp-json\/wp\/v2\/pages\/2132\/revisions"}],"predecessor-version":[{"id":2146,"href":"https:\/\/carnicaszurita.es\/blog\/wp-json\/wp\/v2\/pages\/2132\/revisions\/2146"}],"wp:attachment":[{"href":"https:\/\/carnicaszurita.es\/blog\/wp-json\/wp\/v2\/media?parent=2132"}],"curies":[{"name":"wp","href":"https:\/\/api.w.org\/{rel}","templated":true}]}}